163 - 170. List the prime factors of -8 + 778 + (-2 - q).
5, 31
Let b be 18 - (-9)/((-72)/(-16)). Suppose b*i - 8*i = 8220. List the prime factors of i.
5, 137
Let k(c) = c**2 - 15*c - 15. Let d be k(-4). Suppose 75*m - 2716 = d*m. List the prime factors of m.
2, 97
Let x = 38 - -21. Suppose -x*p + 1225 = -52*p. List the prime factors of p.
5, 7
Let r = 531 + 89. Suppose -468 = -r*c + 619*c. List the prime factors of c.
2, 3, 13
Suppose -42 = -12*k - 6. Suppose 3385 = 5*a - 5*t, 678 = -3*a - k*t + 2709. List the prime factors of a.
677
Suppose 57269 = 10*y + 9169. List the prime factors of y.
2, 5, 13, 37
Let g(k) = 3*k**2 - 36*k + 36. Let b be g(22). Let a = -89 + b. What are the prime factors of a?
607
Suppose -5*y - 4*d + 89 = 0, 5*y - 4*d - 40 - 41 = 0. Suppose -y*n + 13*n + 20 = 0. Let a(m) = 2*m**3 - 4*m**2 + 14*m - 1. What are the prime factors of a(n)?
3, 73
Let p(w) = 257*w**3 + w**2 - 7*w + 5. Let o be 10/(-4) + (-70)/(-20). What are the prime factors of p(o)?
2
Suppose 13*g + 16 + 36 = 0. Let t(m) = -10*m**3 + 6*m**2 + 15*m + 26. What are the prime factors of t(g)?
2, 3, 13
Suppose -4*d - 579 = -5*k, -d = -2*k - 0*d + 231. Suppose -5*x = -80 - k. What are the prime factors of x?
3, 13
Suppose -8 = -3*r - 2. Let i(z) = 7*z**r - 7 + 454*z - 454*z. What are the prime factors of i(-4)?
3, 5, 7
Let k = 1 + 1. Let h be (4/(-10))/(-1)*(7 - k). Suppose h*t - 80 = t. What are the prime factors of t?
2, 5
Let k = -1224 - -2014. Let x = k + -546. Let w = -163 + x. What are the prime factors of w?
3
Suppose 0 = -o + 2*o - 4*u + 13, 31 = 3*o + 2*u. Suppose n = -3*b + 516, -b - n + 172 = -5*n. Suppose -b = 6*w - o*w. What are the prime factors of w?
2, 43
Let u(a) = -2*a**3 + 4*a**2 - 5*a - 3. Suppose -4*n = -n, 4*t + 5*n = -4. Let h(d) = -d**3 + d. Let s(v) = t*u(v) + h(v). List the prime factors of s(5).
2, 29
Suppose 4*w - 3*m - 92437 = -5454, 3*w = 3*m + 65238. List the prime factors of w.
5, 4349
Let m(j) = -18*j + 1936. What are the prime factors of m(-19)?
2, 17, 67
Let n = -89 + 47. Let g = -18 - n. Suppose -3*d + 237 = g. List the prime factors of d.
71
Suppose -42 = -22*x + x. Suppose -4*r - 36 = -p + 17, -x*p - r + 115 = 0. List the prime factors of p.
3, 19
Let q(l) = -2*l - 21. Let s be q(-10). Let a be (-2)/(-6)*(-219)/s. Let w = 18 + a. What are the prime factors of w?
7, 13
Let w(k) = k**3 - 2*k**2 + 2*k + 8. Let b(u) be the second derivative of -u**4/6 - 5*u**3/3 + 2*u**2 - 9*u. Let x be b(-5). List the prime factors of w(x).
2, 3
Suppose 65 = 5*u + 20. Let m be (-1 + 1)/(u + -8). Suppose -4*t - y + 0*y + 769 = 0, -3*t + 4*y + 572 = m. List the prime factors of t.
2, 3
Let u = 12319 + -1198. List the prime factors of u.
3, 11, 337
Suppose -a = 6*a + a. Suppose -4*o + 7*o - 657 = a. What are the prime factors of o?
3, 73
Suppose -32 = 3*r + r. Suppose 3*d - 57 - 6 = -2*h, 81 = 2*h - 3*d. List the prime factors of r*(0 + 1)/((-3)/h).
2, 3
Let s = -62454 - -116690. What are the prime factors of s?
2, 7, 13, 149
Let k be ((-372)/45)/(-2) - (-18)/(-135). Suppose 3*x + 6*r - 3379 = 7*r, -1141 = -x + k*r. List the prime factors of x.
3, 5
Suppose 50*k - 2051730 = -112*k. List the prime factors of k.
5, 17, 149
Let c be 21*4/12 + -3 + 2059. Suppose -c = -5*f + 1192. List the prime factors of f.
3, 7, 31
Suppose 0 = 5*u - 41 + 21. Suppose -7*n = -u*n - 6. Suppose 4*k - 175 = -5*p, -n*k - 3*k + 4*p = -188. What are the prime factors of k?
2, 5
Let o = -179 + 177. List the prime factors of (o/3)/(38/(-47823)).
839
Let a = 32173 + -10809. List the prime factors of a.
2, 7, 109
Let b = 3 - -2. Let h = -1098 - -1103. Suppose b*i - 121 = h*n + 594, 0 = i + n - 137. List the prime factors of i.
2, 5, 7
Let h = -241 - -235. List the prime factors of 10*h/(-15) + 391.
5, 79
Let h(t) be the third derivative of t**5/60 - 5*t**4/12 + 3*t**3 - 19*t**2. Let j be h(7). Let y(i) = 9*i**2 - i - 4. List the prime factors of y(j).
2, 5
Let o be (6 - (5 + -1261)) + 3/(-1). Suppose 2*s + 2*g + o = 7*s, 4*s - 1015 = -g. Suppose -20 = -4*x, -5*b - 5*x - s = -1628. List the prime factors of b.
2, 3, 5
Let m = 115 - 91. Suppose -3 = c + 14. Let b = m - c. What are the prime factors of b?
41
Let g be (2/(-4))/(-2 - (-212)/104). Let d(r) = r**2 + r - 23. What are the prime factors of d(g)?
7, 19
Let a(r) = 186*r**3 - 19*r**2 - 7*r - 65. List the prime factors of a(5).
5, 907
Let i(z) = 14*z - 13. Let w be i(8). Suppose 3*h + 9 + w = 0. What are the prime factors of (-5)/((-15)/(-48))*h/16?
2, 3
Let c = 206 + -204. Suppose c*l - 17*l + 5160 = 0. List the prime factors of l.
2, 43
Let j = -121 + 214. Let d = j + -88. Suppose -d*v + 0*v = -2*q - 329, -5*q = 4*v - 283. What are the prime factors of v?
67
Let m(z) = z**3 + 16*z**2 + z + 16. Let h be m(-16). Suppose h*l = 8*l - 192. Let j = l + 22. List the prime factors of j.
2, 23
Let j(w) = 145*w - 9. Let c(h) = -h - 1. Let m(r) = -5*c(r) + j(r). List the prime factors of m(3).
2, 223
Suppose 3840 = 9*q + 3*q. Let j = q - 233. List the prime factors of j.
3, 29
Suppose 4*x + 3*w = 258113, 22 = 3*w + 49. List the prime factors of x.
5, 12907
List the prime factors of 447292/24 - -9 - 20/(-24).
29, 643
Let u(p) = 30*p + 7. Let c(n) = -15*n - 4. Let a(v) = 60*v + 16. Let k(g) = -6*a(g) - 26*c(g). Let z(m) = 6*k(m) - 5*u(m). What are the prime factors of z(4)?
7, 19
Let x = 498 - 295. List the prime factors of (2 - 1) + x - 2.
2, 101
Let d(i) = 1199*i + 3729. What are the prime factors of d(16)?
11, 2083
Let g(v) = -224*v - 660. What are the prime factors of g(-35)?
2, 5, 359
Suppose -2*n - 2*q = -4, 5*n - 3*q = 2*n - 6. Suppose 143*f - 117*f - 5590 = 0. Suppose 3*o + h = -h + f, -o - 4*h + 55 = n. What are the prime factors of o?
3, 5
Suppose 13734 + 6679 = 2*y - 8141. What are the prime factors of y?
3, 4759
Suppose 0 = -7*n + n + 168. Suppose 0 = 5*q + 3 - n. Let u = q + 29. What are the prime factors of u?
2, 17
Let l(y) be the second derivative of -y**5/20 - 3*y**4/4 + 7*y**3/6 + 9*y**2/2 + 15*y. Let x be l(-8). List the prime factors of (-9)/(-9) + (1 - x).
113
Let d(x) = 482*x**3 + 2*x**2 - x - 1. Let l be d(1). Suppose -v - l = -5*t, -3*t = t - 8. What are the prime factors of (0 + 1)/(2/(v/(-2)))?
2, 59
What are the prime factors of (-1 + 2 - 10696/42)*-42?
2, 7, 761
Suppose 4*a - 44642 = -7*g, 19092 = 11*g - 8*g - 5*a. List the prime factors of g.
2, 3187
Suppose 7846*c - 2494180 = 7781*c. What are the prime factors of c?
2, 53, 181
Let t(u) = -39*u - 7. Let a(g) be the second derivative of -13*g**3/6 - g**2 + 5*g. Let l(j) = 8*a(j) - 3*t(j). List the prime factors of l(7).
2, 3
Let w(r) = 2*r**2 - 3*r + 28. Let k be w(5). What are the prime factors of (-874)/(-9) - 7/k?
97
Let x be 2/((-2)/(-7)) + (-1 - 0). Let b be x + 1 + 2/(-2). Let y(l) = 37*l - 40. List the prime factors of y(b).
2, 7, 13
Let f(p) = -2*p**2 + 6*p - 48. Let j be f(9). Let b = 721 - j. List the prime factors of b.
877
Let h(g) = 13*g**2 + 25*g + 2. Let v be h(15). Suppose 2*j - v = -2*j - 2*u, 0 = 4*j - 2*u - 3314. List the prime factors of j.
827
Suppose -5*m - 29 = -39. Suppose 2*v + 0*b = -b + 2, -m*b - 11 = -v. Suppose -271 = -v*f + 2*f + 5*a, a + 813 = 3*f. What are the prime factors of f?
271
Suppose -1845677 + 77948 = -48*h - 1809. List the prime factors of h.
2, 5, 13, 283
Suppose -6*m = -372 - 180. Suppose 458 = -91*n + m*n. What are the prime factors of n?
2, 229
Let r(s) = s**3 + 31*s**2 - 34*s + 520. What are the prime factors of r(22)?
2, 7, 227
Let t be -3 + -2 + -3 + 14. Suppose -1056 = -t*z + 1488. List the prime factors of z.
2, 53
Let s be (3/(-4))/(33/(-176)). What are the prime factors of 370 - (-9)/18*s?
2, 3, 31
Suppose 3*m - 4*t - 3725 = 0, -224*m + 223*m + 1233 = 3*t. What are the prime factors of m?
3, 7, 59
Suppose -4174 = -14*k - 1402. Suppose k*f = 203*f - 4020. What are the prime factors of f?
2, 3, 67
Suppose -6*m - 4190345 = -358*m + 1051287. List the prime factors of m.
14891
Let g(o) = -49*o**3 + 11 + 28*o - 7*o**2 + 16*o**3 + 28*o**3. What are the prime factors of g(-8)?
3, 211
Let c(q) = -13*q - 3. Let z be c(-2). Let f(l) = -5*l - 2. Let v be f(-6). Suppose z*w = v*w - 900. What are the prime factors of w?
2, 3, 5
Let v = 37 - 46. Let a be (-2)/(-9) + (-1726)/v. Suppose -4*p + 10*p = a. What are the p